remainder when 249 is divided by 14?
11
What is the remainder when 1240 is divided by 205?
10
Calculate the remainder when 1154 is divided by 53.
41
What is the remainder when 121 is divided by 41?
39
What is the remainder when 599 is divided by 32?
23
What is the remainder when 248 is divided by 78?
14
Calculate the remainder when 3823 is divided by 15.
13
Calculate the remainder when 16 is divided by 3.
1
What is the remainder when 94 is divided by 50?
44
What is the remainder when 4239 is divided by 80?
79
Calculate the remainder when 18829 is divided by 88.
85
Calculate the remainder when 7204 is divided by 55.
54
Calculate the remainder when 433 is divided by 110.
103
Calculate the remainder when 1467 is divided by 11.
4
Calculate the remainder when 4712 is divided by 262.
258
Calculate the remainder when 95 is divided by 55.
40
What is the remainder when 671 is divided by 7?
6
What is the remainder when 43 is divided by 17?
9
Calculate the remainder when 393 is divided by 388.
5
Calculate the remainder when 75 is divided by 25.
0
Calculate the remainder when 146 is divided by 31.
22
Calculate the remainder when 5117 is divided by 5.
2
Calculate the remainder when 313 is divided by 106.
101
What is the remainder when 5614 is divided by 144?
142
What is the remainder when 444 is divided by 15?
9
What is the remainder when 174 is divided by 87?
0
Calculate the remainder when 442 is divided by 6.
4
Calculate the remainder when 17 is divided by 17.
0
Calculate the remainder when 1750 is divided by 73.
71
What is the remainder when 22361 is divided by 209?
207
Calculate the remainder when 7651 is divided by 24.
19
What is the remainder when 46 is divided by 15?
1
Calculate the remainder when 695 is divided by 12.
11
What is the remainder when 2869 is divided by 2850?
19
Calculate the remainder when 19 is divided by 16.
3
What is the remainder when 58 is divided by 38?
20
Calculate the remainder when 15 is divided by 10.
5
Calculate the remainder when 606 is divided by 61.
57
What is the remainder when 8251 is divided by 24?
19
What is the remainder when 89 is divided by 23?
20
What is the remainder when 54 is divided by 28?
26
Calculate the remainder when 5756 is divided by 320.
316
Calculate the remainder when 273 is divided by 25.
23
Calculate the remainder when 13502 is divided by 64.
62
Calculate the remainder when 216 is divided by 70.
6
Calculate the remainder when 71 is divided by 13.
6
What is the remainder when 85 is divided by 48?
37
Calculate the remainder when 463 is divided by 96.
79
What is the remainder when 1037 is divided by 20?
17
What is the remainder when 25 is divided by 7?
4
Calculate the remainder when 738 is divided by 13.
10
What is the remainder when 404 is divided by 105?
89
Calculate the remainder when 101 is divided by 5.
1
Calculate the remainder when 397 is divided by 40.
37
What is the remainder when 2698 is divided by 25?
23
What is the remainder when 2879 is divided by 43?
41
Calculate the remainder when 654 is divided by 11.
5
What is the remainder when 216 is divided by 2?
0
What is the remainder when 2249 is divided by 23?
18
What is the remainder when 792 is divided by 109?
29
Calculate the remainder when 187 is divided by 19.
16
Calculate the remainder when 83 is divided by 7.
6
What is the remainder when 860 is divided by 110?
90
What is the remainder when 26022 is divided by 25?
22
What is the remainder when 578 is divided by 191?
5
What is the remainder when 1153 is divided by 76?
13
Calculate the remainder when 68 is divided by 57.
11
Calculate the remainder when 1154 is divided by 22.
10
What is the remainder when 720 is divided by 92?
76
What is the remainder when 3664 is divided by 49?
38
Calculate the remainder when 2576 is divided by 76.
68
What is the remainder when 2766 is divided by 213?
210
What is the remainder when 1303 is divided by 30?
13
Calculate the remainder when 3876 is divided by 393.
339
What is the remainder when 113 is divided by 64?
49
What is the remainder when 3535 is divided by 1176?
7
Calculate the remainder when 1387 is divided by 60.
7
What is the remainder when 4357 is divided by 15?
7
What is the remainder when 77 is divided by 16?
13
Calculate the remainder when 2291 is divided by 12.
11
Calculate the remainder when 1428 is divided by 27.
24
Calculate the remainder when 3037 is divided by 38.
35
Calculate the remainder when 287 is divided by 18.
17
What is the remainder when 999 is divided by 330?
9
Calculate the remainder when 171 is divided by 47.
30
What is the remainder when 115 is divided by 20?
15
What is the remainder when 31 is divided by 5?
1
What is the remainder when 361 is divided by 123?
115
Calculate the remainder when 332 is divided by 87.
71
What is the remainder when 2075 is divided by 20?
15
Calculate the remainder when 74 is divided by 25.
24
Calculate the remainder when 42 is divided by 14.
0
Calculate the remainder when 84 is divided by 56.
28
What is the remainder when 1362 is divided by 171?
165
Calculate the remainder when 2738 is divided by 33.
32
What is the remainder when 560 is divided by 188?
184
Calculate the remainder when 575 is divided by 12.
11
Calculate the remainder when 248 is divided by 10.
8
What is the remainder when 458 is divided by 29?
23
Calculate the remainder when 2136 is divided by 10.
6
What is the remainder when 874 is divided by 13?
3
Calculate the remainder when 66 is divided by 20.
6
Calculate the remainder when 147 is divided by 19.
14
What is the remainder when 916 is divided by 54?
52
Calculate the remainder when 42 is divided by 24.
18
Calculate the remainder when 57 is divided by 31.
26
Calculate the remainder when 609 is divided by 298.
13
What is the remainder when 453 is divided by 146?
15
Calculate the remainder when 120 is divided by 112.
8
What is the remainder when 739 is divided by 26?
11
Calculate the remainder when 185 is divided by 59.
8
Calculate the remainder when 495 is divided by 96.
15
Calculate the remainder when 108 is divided by 43.
22
What is the remainder when 440 is divided by 57?
41
What is the remainder when 1992 is divided by 7?
4
Calculate the remainder when 125 is divided by 68.
57
What is the remainder when 192 is divided by 17?
5
What is the remainder when 1608 is divided by 274?
238
Calculate the remainder when 1702 is divided by 155.
152
Calculate the remainder when 278 is divided by 28.
26
Calculate the remainder when 100 is divided by 17.
15
Calculate the remainder when 1556 is divided by 16.
4
What is the remainder when 1486 is divided by 93?
91
What is the remainder when 475 is divided by 30?
25
What is the remainder when 42 is divided by 13?
3
Calculate the remainder when 167 is divided by 30.
17
What is the remainder when 139 is divided by 33?
7
Calculate the remainder when 1024 is divided by 114.
112
What is the remainder when 439 is divided by 21?
19
Calculate the remainder when 104 is divided by 27.
23
What is the remainder when 448 is divided by 116?
100
Calculate the remainder when 3183 is divided by 6.
3
Calculate the remainder when 792 is divided by 54.
36
Calculate the remainder when 166 is divided by 62.
42
Calculate the remainder when 241 is divided by 199.
42
Calculate the remainder when 42 is divided by 10.
2
Calculate the remainder when 1162 is divided by 12.
10
Calculate the remainder when 20122 is divided by 13.
11
Calculate the remainder when 41 is divided by 22.
19
Calculate the remainder when 8053 is divided by 19.
16
What is the remainder when 4318 is divided by 45?
43
What is the remainder when 164 is divided by 65?
34
Calculate the remainder when 992 is divided by 314.
50
What is the remainder when 98 is divided by 25?
23
Calculate the remainder when 1897 is divided by 312.
25
Calculate the remainder when 245 is divided by 17.
7
Calculate the remainder when 90 is divided by 39.
12
Calculate the remainder when 320 is divided by 52.
8
What is the remainder when 1701 is divided by 11?
7
Calculate the remainder when 259 is divided by 20.
19
Calculate the remainder when 153 is divided by 67.
19
What is the remainder when 5211 is divided by 66?
63
Calculate the remainder when 161 is divided by 57.
47
What is the remainder when 234 is divided by 20?
14
Calcul